{"id":460,"date":"2025-04-11T10:37:06","date_gmt":"2025-04-11T10:37:06","guid":{"rendered":"https:\/\/www.percorsipinerolo.it\/youth4happiness\/?page_id=460"},"modified":"2025-05-16T15:32:47","modified_gmt":"2025-05-16T15:32:47","slug":"it2anr_01-villa-prever","status":"publish","type":"page","link":"https:\/\/www.percorsipinerolo.it\/youth4happiness\/it2anr_01-villa-prever\/","title":{"rendered":"Villa Prever"},"content":{"rendered":"\n<div class=\"wp-block-group is-layout-grid wp-container-core-group-is-layout-8d2db683 wp-block-group-is-layout-grid\" style=\"font-size:100px\"><div id=\"metaslider-id-777\" style=\"width: 100%;\" class=\"ml-slider-3-97-0 metaslider metaslider-flex metaslider-777 ml-slider ms-theme-default-base has-dots-nav\" role=\"region\" aria-roledescription=\"Slideshow\" aria-label=\"Villa Prever\" data-width=\"700\">\n    <div id=\"metaslider_container_777\">\n        <div id=\"metaslider_777\">\n            <ul class='slides'>\n                <li style=\"display: block; width: 100%;\" class=\"slide-779 ms-image \" aria-roledescription=\"slide\" aria-label=\"slide-779\" data-date=\"2025-04-29 08:35:04\"><img loading=\"lazy\" decoding=\"async\" src=\"https:\/\/www.percorsipinerolo.it\/youth4happiness\/wp-content\/uploads\/2025\/04\/1-700x300.png\" height=\"300\" width=\"700\" alt=\"\" class=\"slider-777 slide-779\" title=\"1\" \/><\/li>\n            <\/ul>\n        <\/div>\n        \n    <\/div>\n<\/div>\n<\/div>\n\n\n\n<h1 class=\"wp-block-heading\">Descrizione<\/h1>\n\n\n\n<p>Villa Prever \u00e8 un edificio in stile Liberty situato a Pinerolo, costruito tra il 1915 e il 1920.La villa, commissionata dalla famiglia Prever nel 1969 e donata al&nbsp; Comune,\u00e8 &nbsp; sede del Museo Civico Didattico di Scienze Naturali &#8220;Mario Strani&#8221;. Oltre alle collezioni permanenti di funghi, animali imbalsamati e minerali, il Museo&nbsp; ospita vari&nbsp; eventi li. Il parco che circonda la villa \u00e8 pubblico e presenta un&#8217;ampia variet\u00e0 di piante ad alto fusto, tra cui querce, pini d&#8217;Austria, noci e tassi, nonch\u00e9 molte variet\u00e0 di ortensie. A breve la villa diventer\u00e0 sede della biblioteca dei ragazzi,facendone cos\u00ec la destinazione ideale per lo studio e la lettura.<\/p>\n\n\n\n<p>Difatti,entrando nel giardino, si viene catturati da una sensazione di serenit\u00e0 e di pace interiore. L\u2019essere circondati dalla natura in fiore genera nell\u2019individuo una condizione di benessere e con la sua magia regala concentrazione e riflessione a chi ne necessita, ma anche energia e pienezza di vita ai pi\u00f9 giovani che si recano presso il parco per divertirsi.<\/p>\n\n\n\n<h1 class=\"wp-block-heading\">Mappa<\/h1>\n\n\n\n<iframe loading=\"lazy\" width=\"100%\" height=\"300px\" frameborder=\"0\" allowfullscreen allow=\"geolocation\" src=\"\/\/umap.openstreetmap.fr\/it\/map\/punti-di-interesse-pinerolo_1215045?scaleControl=false&#038;miniMap=false&#038;scrollWheelZoom=false&#038;zoomControl=true&#038;editMode=disabled&#038;moreControl=true&#038;searchControl=null&#038;tilelayersControl=null&#038;embedControl=null&#038;datalayersControl=true&#038;onLoadPanel=none&#038;captionBar=false&#038;captionMenus=true#15\/44.8913\/7.3305\"><\/iframe><p><a href=\"\/\/umap.openstreetmap.fr\/it\/map\/punti-di-interesse-pinerolo_1215045?scaleControl=false&#038;miniMap=false&#038;scrollWheelZoom=false&#038;zoomControl=true&#038;editMode=disabled&#038;moreControl=true&#038;searchControl=null&#038;tilelayersControl=null&#038;embedControl=null&#038;datalayersControl=true&#038;onLoadPanel=none&#038;captionBar=false&#038;captionMenus=true#15\/44.8913\/7.3305\">Visualizza a schermo intero<\/a><\/p>\n\n\n\n<p class=\"has-small-font-size\"><\/p>\n\n\n\n<h1 class=\"wp-block-heading\">Citazione<\/h1>\n\n\n\n<div class=\"wp-block-group is-layout-grid wp-container-core-group-is-layout-da7a6a80 wp-block-group-is-layout-grid\">\n<figure data-wp-context=\"{&quot;imageId&quot;:&quot;69eb9574f1bb1&quot;}\" data-wp-interactive=\"core\/image\" data-wp-key=\"69eb9574f1bb1\" class=\"wp-block-image size-full wp-container-content-b4c5012d wp-lightbox-container\"><img loading=\"lazy\" decoding=\"async\" width=\"380\" height=\"422\" data-wp-class--hide=\"state.isContentHidden\" data-wp-class--show=\"state.isContentVisible\" data-wp-init=\"callbacks.setButtonStyles\" data-wp-on--click=\"actions.showLightbox\" data-wp-on--load=\"callbacks.setButtonStyles\" data-wp-on-window--resize=\"callbacks.setButtonStyles\" src=\"https:\/\/www.percorsipinerolo.it\/youth4happiness\/wp-content\/uploads\/2025\/04\/Cicerone2.png\" alt=\"\" class=\"wp-image-839\" srcset=\"https:\/\/www.percorsipinerolo.it\/youth4happiness\/wp-content\/uploads\/2025\/04\/Cicerone2.png 380w, https:\/\/www.percorsipinerolo.it\/youth4happiness\/wp-content\/uploads\/2025\/04\/Cicerone2-270x300.png 270w\" sizes=\"auto, (max-width: 380px) 100vw, 380px\" \/><button\n\t\t\tclass=\"lightbox-trigger\"\n\t\t\ttype=\"button\"\n\t\t\taria-haspopup=\"dialog\"\n\t\t\taria-label=\"Ingrandisci\"\n\t\t\tdata-wp-init=\"callbacks.initTriggerButton\"\n\t\t\tdata-wp-on--click=\"actions.showLightbox\"\n\t\t\tdata-wp-style--right=\"state.imageButtonRight\"\n\t\t\tdata-wp-style--top=\"state.imageButtonTop\"\n\t\t>\n\t\t\t<svg xmlns=\"http:\/\/www.w3.org\/2000\/svg\" width=\"12\" height=\"12\" fill=\"none\" viewBox=\"0 0 12 12\">\n\t\t\t\t<path fill=\"#fff\" d=\"M2 0a2 2 0 0 0-2 2v2h1.5V2a.5.5 0 0 1 .5-.5h2V0H2Zm2 10.5H2a.5.5 0 0 1-.5-.5V8H0v2a2 2 0 0 0 2 2h2v-1.5ZM8 12v-1.5h2a.5.5 0 0 0 .5-.5V8H12v2a2 2 0 0 1-2 2H8Zm2-12a2 2 0 0 1 2 2v2h-1.5V2a.5.5 0 0 0-.5-.5H8V0h2Z\" \/>\n\t\t\t<\/svg>\n\t\t<\/button><\/figure>\n\n\n\n<p class=\"wp-container-content-b4c5012d\">\u201cSi hortum in Bibliotheca habes, nihil deerit\u201d ( trad. \u201cSe accanto accanto alla biblioteca avrai un giardino, nulla ti mancher\u00e0\u201d)                          <\/p>\n\n\n\n<p class=\"wp-container-content-b4c5012d\"><em>&#8211; da Epistulae ad familiares, libro XIV ep.4 , di Cicerone<\/em><\/p>\n<\/div>\n\n\n\n<div class=\"wp-block-group is-layout-grid wp-container-core-group-is-layout-baef362d wp-block-group-is-layout-grid\"><\/div>\n","protected":false},"excerpt":{"rendered":"<p>Descrizione Villa Prever \u00e8 un edificio in stile Liberty situato a Pinerolo, costruito tra il 1915 e il 1920.La villa, commissionata dalla famiglia Prever nel 1969 e donata al&nbsp; Comune,\u00e8 &nbsp; sede del Museo Civico Didattico di Scienze Naturali &#8220;Mario Strani&#8221;. Oltre alle collezioni permanenti di funghi, animali imbalsamati e minerali, il Museo&nbsp; ospita vari&nbsp; [&hellip;]<\/p>\n","protected":false},"author":8,"featured_media":0,"parent":0,"menu_order":0,"comment_status":"closed","ping_status":"closed","template":"","meta":{"footnotes":""},"class_list":["post-460","page","type-page","status-publish","hentry"],"_links":{"self":[{"href":"https:\/\/www.percorsipinerolo.it\/youth4happiness\/wp-json\/wp\/v2\/pages\/460","targetHints":{"allow":["GET"]}}],"collection":[{"href":"https:\/\/www.percorsipinerolo.it\/youth4happiness\/wp-json\/wp\/v2\/pages"}],"about":[{"href":"https:\/\/www.percorsipinerolo.it\/youth4happiness\/wp-json\/wp\/v2\/types\/page"}],"author":[{"embeddable":true,"href":"https:\/\/www.percorsipinerolo.it\/youth4happiness\/wp-json\/wp\/v2\/users\/8"}],"replies":[{"embeddable":true,"href":"https:\/\/www.percorsipinerolo.it\/youth4happiness\/wp-json\/wp\/v2\/comments?post=460"}],"version-history":[{"count":29,"href":"https:\/\/www.percorsipinerolo.it\/youth4happiness\/wp-json\/wp\/v2\/pages\/460\/revisions"}],"predecessor-version":[{"id":1871,"href":"https:\/\/www.percorsipinerolo.it\/youth4happiness\/wp-json\/wp\/v2\/pages\/460\/revisions\/1871"}],"wp:attachment":[{"href":"https:\/\/www.percorsipinerolo.it\/youth4happiness\/wp-json\/wp\/v2\/media?parent=460"}],"curies":[{"name":"wp","href":"https:\/\/api.w.org\/{rel}","templated":true}]}}