{"id":450,"date":"2025-04-11T09:54:14","date_gmt":"2025-04-11T09:54:14","guid":{"rendered":"https:\/\/www.percorsipinerolo.it\/youth4happiness\/?page_id=450"},"modified":"2025-05-17T13:28:21","modified_gmt":"2025-05-17T13:28:21","slug":"it2anr_giardini","status":"publish","type":"page","link":"https:\/\/www.percorsipinerolo.it\/youth4happiness\/it2anr_giardini\/","title":{"rendered":"Giardini"},"content":{"rendered":"<div id=\"metaslider-id-240\" style=\"width: 100%;\" class=\"ml-slider-3-97-0 metaslider metaslider-flex metaslider-240 ml-slider ms-theme-default-base has-dots-nav\" role=\"region\" aria-roledescription=\"Slideshow\" aria-label=\"Nuova presentazione\" data-width=\"700\">\n    <div id=\"metaslider_container_240\">\n        <div id=\"metaslider_240\">\n            <ul class='slides'>\n                <li style=\"display: block; width: 100%;\" class=\"slide-1936 ms-image \" aria-roledescription=\"slide\" aria-label=\"slide-1936\" data-date=\"2025-05-16 18:42:12\"><img loading=\"lazy\" decoding=\"async\" src=\"https:\/\/www.percorsipinerolo.it\/youth4happiness\/wp-content\/uploads\/2025\/04\/1-700x300.png\" height=\"300\" width=\"700\" alt=\"\" class=\"slider-240 slide-1936\" title=\"1\" \/><\/li>\n                <li style=\"display: none; width: 100%;\" class=\"slide-1937 ms-image \" aria-roledescription=\"slide\" aria-label=\"slide-1937\" data-date=\"2025-05-16 18:42:43\"><img loading=\"lazy\" decoding=\"async\" src=\"https:\/\/www.percorsipinerolo.it\/youth4happiness\/wp-content\/uploads\/2025\/04\/2-431x184.png\" height=\"300\" width=\"700\" alt=\"\" class=\"slider-240 slide-1937\" title=\"2\" \/><\/li>\n                <li style=\"display: none; width: 100%;\" class=\"slide-1938 ms-image \" aria-roledescription=\"slide\" aria-label=\"slide-1938\" data-date=\"2025-05-16 18:43:02\"><img loading=\"lazy\" decoding=\"async\" src=\"https:\/\/www.percorsipinerolo.it\/youth4happiness\/wp-content\/uploads\/2025\/04\/0842dec8-e07f-48ab-8fa2-ef1cef90a7b9-700x300.jpeg\" height=\"300\" width=\"700\" alt=\"\" class=\"slider-240 slide-1938\" title=\"0842dec8-e07f-48ab-8fa2-ef1cef90a7b9\" \/><\/li>\n                <li style=\"display: none; width: 100%;\" class=\"slide-1939 ms-image \" aria-roledescription=\"slide\" aria-label=\"slide-1939\" data-date=\"2025-05-16 18:43:23\"><img loading=\"lazy\" decoding=\"async\" src=\"https:\/\/www.percorsipinerolo.it\/youth4happiness\/wp-content\/uploads\/2025\/04\/IMG-20250429-WA0016-700x300.jpg\" height=\"300\" width=\"700\" alt=\"\" class=\"slider-240 slide-1939\" title=\"IMG-20250429-WA0016\" \/><\/li>\n            <\/ul>\n        <\/div>\n        \n    <\/div>\n<\/div>\n\n\n\n<h2 class=\"wp-block-heading has-accent-color has-text-color has-link-color wp-elements-5afd0210b6660a3744579aeec317bc28\">Punti D&#8217;interesse<\/h2>\n\n\n\n<ul>\n<li><a href=\"https:\/\/www.percorsipinerolo.it\/youth4happiness\/it2anr_01-villa-prever\/\">Villa Prever<\/a><\/li>\n<li><a href=\"https:\/\/www.percorsipinerolo.it\/youth4happiness\/it2anr_02-monumento-caduti\/\">Monumento ai Caduti<\/a><\/li>\n<li><a href=\"https:\/\/www.percorsipinerolo.it\/youth4happiness\/it2anr_03-terrazze-acaja\/\">Terrazze Acaja<\/a><\/li>\n<li><a href=\"https:\/\/www.percorsipinerolo.it\/youth4happiness\/it2anr_04-belvedere-s-maurizio\/\">San Maurizio<\/a><\/li>\n<\/ul>\n\n\n\n<h1 class=\"wp-block-heading\">Mappa<\/h1>\n\n\n\n<iframe loading=\"lazy\" width=\"100%\" height=\"300px\" frameborder=\"0\" allowfullscreen allow=\"geolocation\" src=\"\/\/umap.openstreetmap.fr\/it\/map\/punti-di-interesse-pinerolo_1215045?scaleControl=false&#038;miniMap=false&#038;scrollWheelZoom=false&#038;zoomControl=true&#038;editMode=disabled&#038;moreControl=true&#038;searchControl=null&#038;tilelayersControl=null&#038;embedControl=null&#038;datalayersControl=true&#038;onLoadPanel=none&#038;captionBar=false&#038;captionMenus=true&#038;datalayers=9875e192-3ace-4e07-9e9e-a094fa748e8a#16\/44.8899\/7.3298\"><\/iframe><p><a href=\"\/\/umap.openstreetmap.fr\/it\/map\/punti-di-interesse-pinerolo_1215045?scaleControl=false&#038;miniMap=false&#038;scrollWheelZoom=true&#038;zoomControl=true&#038;editMode=disabled&#038;moreControl=true&#038;searchControl=null&#038;tilelayersControl=null&#038;embedControl=null&#038;datalayersControl=true&#038;onLoadPanel=none&#038;captionBar=false&#038;captionMenus=true&#038;datalayers=9875e192-3ace-4e07-9e9e-a094fa748e8a#16\/44.8899\/7.3298\">Visualizza a schermo intero<\/a><\/p>\n\n\n\n<h1 class=\"wp-block-heading\">Luoghi e versi<\/h1>\n\n\n\n<p>Il nostro lavoro nasce dalla curiosit\u00e0 di esplorare un tema ricorrente nella letteratura, italiana e non: i luoghi come custodi di emozioni e sentimenti.<\/p>\n\n\n\n<p>Siamo partiti interrogandoci su quali stati d\u2019animo genera in ciascuno un determinato luogo, un certo panorama o un ben definito paesaggio.Dall\u2019analisi delle nostre risposte \u00e8 emersa una forte soggettivit\u00e0 nel rapporto con i luoghi: uno stesso spazio suggeriva sentimenti diversi, se non contrastanti, in diverse persone.Di qui la consapevolezza che ogni elemento architettonico contiene un visibile (fuori) ed un invisibile (dentro).<\/p>\n\n\n\n<p>Come una poesia ,nel suo aspetto denotativo, ha le stesse informazioni indipendentemente dal profilo caratteriale del lettore, cos\u00ec un luogo si compone di un aspetto di superficie visibile e condivisibile da tutti.&nbsp; Ben diversa \u00e8 la comunicazione connotativa di uno spazio, come di un testo poetico: ognuno vi legge, vi vede o vi percepisce ci\u00f2 che \u00e8 pi\u00f9 affine al proprio carattere. Ulteriore variabile \u00e8 lo stato d\u2019animo che ciascuno, in un determinato istante, si trova a vivere e, allora, lo spazio diventa espressione di un momento di vita, triste o felice che sia.<\/p>\n\n\n\n<p>Abbiamo allora interrogato i poeti, percorso i loro luoghi, attraversato le loro pagine alla ricerca di somiglianze e differenze tra noi e loro, nella convinzione che tra il dentro e il fuori vi siano legami senza tempo.<\/p>\n\n\n\n<p>E , infine, abbiamo ritrovato il \u201ccantuccio\u201d nelle Terrazze Acaja, provato la dolcezza del \u201cnaufragare\u201d sulla terrazza di San Maurizio, assaggiato la libert\u00e0 presso il Monumento dei Caduti, ci siamo immersi nel verde dell\u2019 <em>hortus( dal latino,<\/em> giardino<em>) <\/em>di Villa Prever.<\/p>\n\n\n\n<p>Sono questi gli spazi che noi abbiamo identificato come luoghi del cuore.<\/p>\n\n\n\n<p><\/p>\n","protected":false},"excerpt":{"rendered":"<p>Punti D&#8217;interesse Villa Prever Monumento ai Caduti Terrazze Acaja San Maurizio Mappa Visualizza a schermo intero Luoghi e versi Il nostro lavoro nasce dalla curiosit\u00e0 di esplorare un tema ricorrente nella letteratura, italiana e non: i luoghi come custodi di emozioni e sentimenti. Siamo partiti interrogandoci su quali stati d\u2019animo genera in ciascuno un determinato [&hellip;]<\/p>\n","protected":false},"author":7,"featured_media":0,"parent":0,"menu_order":0,"comment_status":"closed","ping_status":"closed","template":"","meta":{"footnotes":""},"class_list":["post-450","page","type-page","status-publish","hentry"],"_links":{"self":[{"href":"https:\/\/www.percorsipinerolo.it\/youth4happiness\/wp-json\/wp\/v2\/pages\/450","targetHints":{"allow":["GET"]}}],"collection":[{"href":"https:\/\/www.percorsipinerolo.it\/youth4happiness\/wp-json\/wp\/v2\/pages"}],"about":[{"href":"https:\/\/www.percorsipinerolo.it\/youth4happiness\/wp-json\/wp\/v2\/types\/page"}],"author":[{"embeddable":true,"href":"https:\/\/www.percorsipinerolo.it\/youth4happiness\/wp-json\/wp\/v2\/users\/7"}],"replies":[{"embeddable":true,"href":"https:\/\/www.percorsipinerolo.it\/youth4happiness\/wp-json\/wp\/v2\/comments?post=450"}],"version-history":[{"count":19,"href":"https:\/\/www.percorsipinerolo.it\/youth4happiness\/wp-json\/wp\/v2\/pages\/450\/revisions"}],"predecessor-version":[{"id":1988,"href":"https:\/\/www.percorsipinerolo.it\/youth4happiness\/wp-json\/wp\/v2\/pages\/450\/revisions\/1988"}],"wp:attachment":[{"href":"https:\/\/www.percorsipinerolo.it\/youth4happiness\/wp-json\/wp\/v2\/media?parent=450"}],"curies":[{"name":"wp","href":"https:\/\/api.w.org\/{rel}","templated":true}]}}